{"id":3199,"date":"2024-01-03T18:20:11","date_gmt":"2024-01-03T17:20:11","guid":{"rendered":"https:\/\/letter-fit.de\/letterfit\/?page_id=3199"},"modified":"2024-12-17T16:01:30","modified_gmt":"2024-12-17T15:01:30","slug":"2024-2","status":"publish","type":"page","link":"https:\/\/letter-fit.de\/letterfit\/index.php\/2024-2\/","title":{"rendered":"2024"},"content":{"rendered":"<blockquote class=\"wp-embedded-content\" data-secret=\"2jaroq7ToE\"><p><a href=\"https:\/\/letter-fit.de\/letterfit\/index.php\/2024\/12\/17\/20-jaehriges-vereinsjubilaeum\/\">20-j\u00e4hriges Vereinsjubil\u00e4um<\/a><\/p><\/blockquote>\n<p><iframe loading=\"lazy\" class=\"wp-embedded-content\" sandbox=\"allow-scripts\" security=\"restricted\" style=\"position: absolute; visibility: hidden;\" title=\"&#8222;20-j\u00e4hriges Vereinsjubil\u00e4um&#8220; &#8212; \" src=\"https:\/\/letter-fit.de\/letterfit\/index.php\/2024\/12\/17\/20-jaehriges-vereinsjubilaeum\/embed\/#?secret=ePaNwcb9DD#?secret=2jaroq7ToE\" data-secret=\"2jaroq7ToE\" width=\"525\" height=\"296\" frameborder=\"0\" marginwidth=\"0\" marginheight=\"0\" scrolling=\"no\"><\/iframe><\/p>\n<blockquote class=\"wp-embedded-content\" data-secret=\"JdaWca8gUk\"><p><a href=\"https:\/\/letter-fit.de\/letterfit\/index.php\/2024\/11\/20\/neuauflage-der-broschuere-was-ist-los-in-letter-geplant\/\">Neuauflage der Brosch\u00fcre &#8222;Was ist los in Letter ?&#8220; geplant<\/a><\/p><\/blockquote>\n<p><iframe loading=\"lazy\" class=\"wp-embedded-content\" sandbox=\"allow-scripts\" security=\"restricted\" style=\"position: absolute; visibility: hidden;\" title=\"&#8222;Neuauflage der Brosch\u00fcre &#8222;Was ist los in Letter ?&#8220; geplant&#8220; &#8212; \" src=\"https:\/\/letter-fit.de\/letterfit\/index.php\/2024\/11\/20\/neuauflage-der-broschuere-was-ist-los-in-letter-geplant\/embed\/#?secret=vdWWwkFwp8#?secret=JdaWca8gUk\" data-secret=\"JdaWca8gUk\" width=\"525\" height=\"296\" frameborder=\"0\" marginwidth=\"0\" marginheight=\"0\" scrolling=\"no\"><\/iframe><\/p>\n<blockquote class=\"wp-embedded-content\" data-secret=\"63aJDuLtNc\"><p><a href=\"https:\/\/letter-fit.de\/letterfit\/index.php\/2024\/11\/14\/lebendiger-adventskalender-letter-2\/\">Lebendiger Adventskalender Letter<\/a><\/p><\/blockquote>\n<p><iframe loading=\"lazy\" class=\"wp-embedded-content\" sandbox=\"allow-scripts\" security=\"restricted\" style=\"position: absolute; visibility: hidden;\" title=\"&#8222;Lebendiger Adventskalender Letter&#8220; &#8212; \" src=\"https:\/\/letter-fit.de\/letterfit\/index.php\/2024\/11\/14\/lebendiger-adventskalender-letter-2\/embed\/#?secret=bCVq6nRVAR#?secret=63aJDuLtNc\" data-secret=\"63aJDuLtNc\" width=\"525\" height=\"296\" frameborder=\"0\" marginwidth=\"0\" marginheight=\"0\" scrolling=\"no\"><\/iframe><\/p>\n<blockquote class=\"wp-embedded-content\" data-secret=\"w2guIREjS3\"><p><a href=\"https:\/\/letter-fit.de\/letterfit\/index.php\/2024\/10\/26\/toller-ausflug-glashuette-gernheim\/\">Toller Ausflug: Glash\u00fctte Gernheim<\/a><\/p><\/blockquote>\n<p><iframe loading=\"lazy\" class=\"wp-embedded-content\" sandbox=\"allow-scripts\" security=\"restricted\" style=\"position: absolute; visibility: hidden;\" title=\"&#8222;Toller Ausflug: Glash\u00fctte Gernheim&#8220; &#8212; \" src=\"https:\/\/letter-fit.de\/letterfit\/index.php\/2024\/10\/26\/toller-ausflug-glashuette-gernheim\/embed\/#?secret=xZ2bQXTdlB#?secret=w2guIREjS3\" data-secret=\"w2guIREjS3\" width=\"525\" height=\"296\" frameborder=\"0\" marginwidth=\"0\" marginheight=\"0\" scrolling=\"no\"><\/iframe><\/p>\n<blockquote class=\"wp-embedded-content\" data-secret=\"MCy8F47qAa\"><p><a href=\"https:\/\/letter-fit.de\/letterfit\/index.php\/2024\/10\/24\/vorbesprechung-lebendiger-adventskalender-5\/\">Vorbesprechung Lebendiger Adventskalender<\/a><\/p><\/blockquote>\n<p><iframe loading=\"lazy\" class=\"wp-embedded-content\" sandbox=\"allow-scripts\" security=\"restricted\" style=\"position: absolute; visibility: hidden;\" title=\"&#8222;Vorbesprechung Lebendiger Adventskalender&#8220; &#8212; \" src=\"https:\/\/letter-fit.de\/letterfit\/index.php\/2024\/10\/24\/vorbesprechung-lebendiger-adventskalender-5\/embed\/#?secret=ZviYLVYyDY#?secret=MCy8F47qAa\" data-secret=\"MCy8F47qAa\" width=\"525\" height=\"296\" frameborder=\"0\" marginwidth=\"0\" marginheight=\"0\" scrolling=\"no\"><\/iframe><\/p>\n<blockquote class=\"wp-embedded-content\" data-secret=\"Z0VXLarC8r\"><p><a href=\"https:\/\/letter-fit.de\/letterfit\/index.php\/2024\/10\/05\/demokratiespiel-gute-nachbarschaft\/\">Demokratiespiel &#8222;Gute Nachbarschaft&#8220;<\/a><\/p><\/blockquote>\n<p><iframe loading=\"lazy\" class=\"wp-embedded-content\" sandbox=\"allow-scripts\" security=\"restricted\" style=\"position: absolute; visibility: hidden;\" title=\"&#8222;Demokratiespiel &#8222;Gute Nachbarschaft&#8220;&#8220; &#8212; \" src=\"https:\/\/letter-fit.de\/letterfit\/index.php\/2024\/10\/05\/demokratiespiel-gute-nachbarschaft\/embed\/#?secret=2caWLipRMY#?secret=Z0VXLarC8r\" data-secret=\"Z0VXLarC8r\" width=\"525\" height=\"296\" frameborder=\"0\" marginwidth=\"0\" marginheight=\"0\" scrolling=\"no\"><\/iframe><\/p>\n<p>&nbsp;<\/p>\n<blockquote class=\"wp-embedded-content\" data-secret=\"Vyeo5QabMv\"><p><a href=\"https:\/\/letter-fit.de\/letterfit\/index.php\/2024\/09\/21\/sonniges-kastanienfest-3\/\">Sonniges Kastanienfest<\/a><\/p><\/blockquote>\n<p><iframe loading=\"lazy\" class=\"wp-embedded-content\" sandbox=\"allow-scripts\" security=\"restricted\" style=\"position: absolute; visibility: hidden;\" title=\"&#8222;Sonniges Kastanienfest&#8220; &#8212; \" src=\"https:\/\/letter-fit.de\/letterfit\/index.php\/2024\/09\/21\/sonniges-kastanienfest-3\/embed\/#?secret=sRXtBEsC0b#?secret=Vyeo5QabMv\" data-secret=\"Vyeo5QabMv\" width=\"525\" height=\"296\" frameborder=\"0\" marginwidth=\"0\" marginheight=\"0\" scrolling=\"no\"><\/iframe><\/p>\n<blockquote class=\"wp-embedded-content\" data-secret=\"Ew1BvMXV9e\"><p><a href=\"https:\/\/letter-fit.de\/letterfit\/index.php\/2024\/09\/10\/mitmachen-beim-demokratiespiel-gute-nachbarschaft\/\">Mitmachen beim Demokratiespiel &#8222;Gute Nachbarschaft&#8220;<\/a><\/p><\/blockquote>\n<p><iframe loading=\"lazy\" class=\"wp-embedded-content\" sandbox=\"allow-scripts\" security=\"restricted\" style=\"position: absolute; visibility: hidden;\" title=\"&#8222;Mitmachen beim Demokratiespiel &#8222;Gute Nachbarschaft&#8220;&#8220; &#8212; \" src=\"https:\/\/letter-fit.de\/letterfit\/index.php\/2024\/09\/10\/mitmachen-beim-demokratiespiel-gute-nachbarschaft\/embed\/#?secret=fbC8lVOtbZ#?secret=Ew1BvMXV9e\" data-secret=\"Ew1BvMXV9e\" width=\"525\" height=\"296\" frameborder=\"0\" marginwidth=\"0\" marginheight=\"0\" scrolling=\"no\"><\/iframe><\/p>\n<blockquote class=\"wp-embedded-content\" data-secret=\"mfztxIckjm\"><p><a href=\"https:\/\/letter-fit.de\/letterfit\/index.php\/2024\/09\/06\/seelzer-dialog-2\/\">Seelzer Dialog<\/a><\/p><\/blockquote>\n<p><iframe loading=\"lazy\" class=\"wp-embedded-content\" sandbox=\"allow-scripts\" security=\"restricted\" style=\"position: absolute; visibility: hidden;\" title=\"&#8222;Seelzer Dialog&#8220; &#8212; \" src=\"https:\/\/letter-fit.de\/letterfit\/index.php\/2024\/09\/06\/seelzer-dialog-2\/embed\/#?secret=CSkSMh1Din#?secret=mfztxIckjm\" data-secret=\"mfztxIckjm\" width=\"525\" height=\"296\" frameborder=\"0\" marginwidth=\"0\" marginheight=\"0\" scrolling=\"no\"><\/iframe><\/p>\n<blockquote class=\"wp-embedded-content\" data-secret=\"4nk1oiHcSE\"><p><a href=\"https:\/\/letter-fit.de\/letterfit\/index.php\/2024\/07\/28\/radspaziergang-9-von-12-seelzer-stadtteilen-erkundet\/\">Radspaziergang: 9 von 12 Seelzer Stadtteilen erkundet<\/a><\/p><\/blockquote>\n<p><iframe loading=\"lazy\" class=\"wp-embedded-content\" sandbox=\"allow-scripts\" security=\"restricted\" style=\"position: absolute; visibility: hidden;\" title=\"&#8222;Radspaziergang: 9 von 12 Seelzer Stadtteilen erkundet&#8220; &#8212; \" src=\"https:\/\/letter-fit.de\/letterfit\/index.php\/2024\/07\/28\/radspaziergang-9-von-12-seelzer-stadtteilen-erkundet\/embed\/#?secret=e5RqCzLm0j#?secret=4nk1oiHcSE\" data-secret=\"4nk1oiHcSE\" width=\"525\" height=\"296\" frameborder=\"0\" marginwidth=\"0\" marginheight=\"0\" scrolling=\"no\"><\/iframe><\/p>\n<blockquote class=\"wp-embedded-content\" data-secret=\"g3aH4TX3wV\"><p><a href=\"https:\/\/letter-fit.de\/letterfit\/index.php\/2024\/07\/21\/trotz-regen-gelungener-theaterausflug\/\">Trotz Regen gelungener Theaterausflug<\/a><\/p><\/blockquote>\n<p><iframe loading=\"lazy\" class=\"wp-embedded-content\" sandbox=\"allow-scripts\" security=\"restricted\" style=\"position: absolute; visibility: hidden;\" title=\"&#8222;Trotz Regen gelungener Theaterausflug&#8220; &#8212; \" src=\"https:\/\/letter-fit.de\/letterfit\/index.php\/2024\/07\/21\/trotz-regen-gelungener-theaterausflug\/embed\/#?secret=QxmCPtL2xr#?secret=g3aH4TX3wV\" data-secret=\"g3aH4TX3wV\" width=\"525\" height=\"296\" frameborder=\"0\" marginwidth=\"0\" marginheight=\"0\" scrolling=\"no\"><\/iframe><\/p>\n<blockquote class=\"wp-embedded-content\" data-secret=\"UVbI5ljIGp\"><p><a href=\"https:\/\/letter-fit.de\/letterfit\/index.php\/2024\/07\/15\/radspaziergang-am-28-7-24\/\">Radspaziergang am 28.7.24<\/a><\/p><\/blockquote>\n<p><iframe loading=\"lazy\" class=\"wp-embedded-content\" sandbox=\"allow-scripts\" security=\"restricted\" style=\"position: absolute; visibility: hidden;\" title=\"&#8222;Radspaziergang am 28.7.24&#8220; &#8212; \" src=\"https:\/\/letter-fit.de\/letterfit\/index.php\/2024\/07\/15\/radspaziergang-am-28-7-24\/embed\/#?secret=tc0CVWDl2n#?secret=UVbI5ljIGp\" data-secret=\"UVbI5ljIGp\" width=\"525\" height=\"296\" frameborder=\"0\" marginwidth=\"0\" marginheight=\"0\" scrolling=\"no\"><\/iframe><\/p>\n<blockquote class=\"wp-embedded-content\" data-secret=\"ydn8NZLG3s\"><p><a href=\"https:\/\/letter-fit.de\/letterfit\/index.php\/2024\/06\/06\/niedersachsenweites-bewohnerinitiativentreffen-in-hameln\/\">Niedersachsenweites Bewohnerinitiativentreffen in Hameln<\/a><\/p><\/blockquote>\n<p><iframe loading=\"lazy\" class=\"wp-embedded-content\" sandbox=\"allow-scripts\" security=\"restricted\" style=\"position: absolute; visibility: hidden;\" title=\"&#8222;Niedersachsenweites Bewohnerinitiativentreffen in Hameln&#8220; &#8212; \" src=\"https:\/\/letter-fit.de\/letterfit\/index.php\/2024\/06\/06\/niedersachsenweites-bewohnerinitiativentreffen-in-hameln\/embed\/#?secret=atLG2hoKAw#?secret=ydn8NZLG3s\" data-secret=\"ydn8NZLG3s\" width=\"525\" height=\"296\" frameborder=\"0\" marginwidth=\"0\" marginheight=\"0\" scrolling=\"no\"><\/iframe><\/p>\n<blockquote class=\"wp-embedded-content\" data-secret=\"5kqEm6M8IM\"><p><a href=\"https:\/\/letter-fit.de\/letterfit\/index.php\/2024\/05\/06\/theaterausflug-3\/\">Theaterausflug<\/a><\/p><\/blockquote>\n<p><iframe loading=\"lazy\" class=\"wp-embedded-content\" sandbox=\"allow-scripts\" security=\"restricted\" style=\"position: absolute; visibility: hidden;\" title=\"&#8222;Theaterausflug&#8220; &#8212; \" src=\"https:\/\/letter-fit.de\/letterfit\/index.php\/2024\/05\/06\/theaterausflug-3\/embed\/#?secret=MwltPHbLwy#?secret=5kqEm6M8IM\" data-secret=\"5kqEm6M8IM\" width=\"525\" height=\"296\" frameborder=\"0\" marginwidth=\"0\" marginheight=\"0\" scrolling=\"no\"><\/iframe><\/p>\n<blockquote class=\"wp-embedded-content\" data-secret=\"w1RIb2C5di\"><p><a href=\"https:\/\/letter-fit.de\/letterfit\/index.php\/2024\/04\/21\/erfolgreiche-stadtfuehrung\/\">Erfolgreiche Stadtf\u00fchrung<\/a><\/p><\/blockquote>\n<p><iframe loading=\"lazy\" class=\"wp-embedded-content\" sandbox=\"allow-scripts\" security=\"restricted\" style=\"position: absolute; visibility: hidden;\" title=\"&#8222;Erfolgreiche Stadtf\u00fchrung&#8220; &#8212; \" src=\"https:\/\/letter-fit.de\/letterfit\/index.php\/2024\/04\/21\/erfolgreiche-stadtfuehrung\/embed\/#?secret=UgEW325W8B#?secret=w1RIb2C5di\" data-secret=\"w1RIb2C5di\" width=\"525\" height=\"296\" frameborder=\"0\" marginwidth=\"0\" marginheight=\"0\" scrolling=\"no\"><\/iframe><\/p>\n<blockquote class=\"wp-embedded-content\" data-secret=\"Wo3e0dh9Hv\"><p><a href=\"https:\/\/letter-fit.de\/letterfit\/index.php\/2024\/04\/13\/schaukasten-fruehjahrsputz\/\">Schaukasten Fr\u00fchjahrsputz<\/a><\/p><\/blockquote>\n<p><iframe loading=\"lazy\" class=\"wp-embedded-content\" sandbox=\"allow-scripts\" security=\"restricted\" style=\"position: absolute; visibility: hidden;\" title=\"&#8222;Schaukasten Fr\u00fchjahrsputz&#8220; &#8212; \" src=\"https:\/\/letter-fit.de\/letterfit\/index.php\/2024\/04\/13\/schaukasten-fruehjahrsputz\/embed\/#?secret=ljscfLopSI#?secret=Wo3e0dh9Hv\" data-secret=\"Wo3e0dh9Hv\" width=\"525\" height=\"296\" frameborder=\"0\" marginwidth=\"0\" marginheight=\"0\" scrolling=\"no\"><\/iframe><\/p>\n<blockquote class=\"wp-embedded-content\" data-secret=\"ZkdmDyZfKr\"><p><a href=\"https:\/\/letter-fit.de\/letterfit\/index.php\/2024\/04\/08\/9-stadtfuehrung-letter\/\">9. Stadtf\u00fchrung Letter<\/a><\/p><\/blockquote>\n<p><iframe loading=\"lazy\" class=\"wp-embedded-content\" sandbox=\"allow-scripts\" security=\"restricted\" style=\"position: absolute; visibility: hidden;\" title=\"&#8222;9. Stadtf\u00fchrung Letter&#8220; &#8212; \" src=\"https:\/\/letter-fit.de\/letterfit\/index.php\/2024\/04\/08\/9-stadtfuehrung-letter\/embed\/#?secret=dyK0Ng3UHZ#?secret=ZkdmDyZfKr\" data-secret=\"ZkdmDyZfKr\" width=\"525\" height=\"296\" frameborder=\"0\" marginwidth=\"0\" marginheight=\"0\" scrolling=\"no\"><\/iframe><\/p>\n<blockquote class=\"wp-embedded-content\" data-secret=\"uK8IP7hryH\"><p><a href=\"https:\/\/letter-fit.de\/letterfit\/index.php\/2024\/02\/19\/seelze-zeigt-gesicht-demo-gegen-rechts\/\">Seelze zeigt Gesicht * Demo gegen Rechts<\/a><\/p><\/blockquote>\n<p><iframe loading=\"lazy\" class=\"wp-embedded-content\" sandbox=\"allow-scripts\" security=\"restricted\" style=\"position: absolute; visibility: hidden;\" title=\"&#8222;Seelze zeigt Gesicht * Demo gegen Rechts&#8220; &#8212; \" src=\"https:\/\/letter-fit.de\/letterfit\/index.php\/2024\/02\/19\/seelze-zeigt-gesicht-demo-gegen-rechts\/embed\/#?secret=XKxShVbUgv#?secret=uK8IP7hryH\" data-secret=\"uK8IP7hryH\" width=\"525\" height=\"296\" frameborder=\"0\" marginwidth=\"0\" marginheight=\"0\" scrolling=\"no\"><\/iframe><\/p>\n<blockquote class=\"wp-embedded-content\" data-secret=\"UPdC0kulBo\"><p><a href=\"https:\/\/letter-fit.de\/letterfit\/index.php\/2024\/02\/05\/jahreshauptversammlung-4\/\">Jahreshauptversammlung<\/a><\/p><\/blockquote>\n<p><iframe loading=\"lazy\" class=\"wp-embedded-content\" sandbox=\"allow-scripts\" security=\"restricted\" style=\"position: absolute; visibility: hidden;\" title=\"&#8222;Jahreshauptversammlung&#8220; &#8212; \" src=\"https:\/\/letter-fit.de\/letterfit\/index.php\/2024\/02\/05\/jahreshauptversammlung-4\/embed\/#?secret=vQXkuIuzTR#?secret=UPdC0kulBo\" data-secret=\"UPdC0kulBo\" width=\"525\" height=\"296\" frameborder=\"0\" marginwidth=\"0\" marginheight=\"0\" scrolling=\"no\"><\/iframe><\/p>\n<blockquote class=\"wp-embedded-content\" data-secret=\"M79bnYH21E\"><p><a href=\"https:\/\/letter-fit.de\/letterfit\/index.php\/2024\/01\/09\/spende-ueberreicht\/\">Spende \u00fcberreicht<\/a><\/p><\/blockquote>\n<p><iframe loading=\"lazy\" class=\"wp-embedded-content\" sandbox=\"allow-scripts\" security=\"restricted\" style=\"position: absolute; visibility: hidden;\" title=\"&#8222;Spende \u00fcberreicht&#8220; &#8212; \" src=\"https:\/\/letter-fit.de\/letterfit\/index.php\/2024\/01\/09\/spende-ueberreicht\/embed\/#?secret=4ISkhuwbId#?secret=M79bnYH21E\" data-secret=\"M79bnYH21E\" width=\"525\" height=\"296\" frameborder=\"0\" marginwidth=\"0\" marginheight=\"0\" scrolling=\"no\"><\/iframe><\/p>\n<blockquote class=\"wp-embedded-content\" data-secret=\"8KUNdmGpM6\"><p><a href=\"https:\/\/letter-fit.de\/letterfit\/index.php\/2024\/01\/03\/neuer-ort-fuer-den-offenen-stammtisch\/\">Neuer Ort f\u00fcr den Offenen Stammtisch<\/a><\/p><\/blockquote>\n<p><iframe loading=\"lazy\" class=\"wp-embedded-content\" sandbox=\"allow-scripts\" security=\"restricted\" style=\"position: absolute; visibility: hidden;\" title=\"&#8222;Neuer Ort f\u00fcr den Offenen Stammtisch&#8220; &#8212; \" src=\"https:\/\/letter-fit.de\/letterfit\/index.php\/2024\/01\/03\/neuer-ort-fuer-den-offenen-stammtisch\/embed\/#?secret=YbGsHGnZ02#?secret=8KUNdmGpM6\" data-secret=\"8KUNdmGpM6\" width=\"525\" height=\"296\" frameborder=\"0\" marginwidth=\"0\" marginheight=\"0\" scrolling=\"no\"><\/iframe><\/p>\n","protected":false},"excerpt":{"rendered":"<p>20-j\u00e4hriges Vereinsjubil\u00e4um Neuauflage der Brosch\u00fcre &#8222;Was ist los in Letter ?&#8220; geplant Lebendiger Adventskalender Letter Toller Ausflug: Glash\u00fctte Gernheim Vorbesprechung Lebendiger Adventskalender Demokratiespiel &#8222;Gute Nachbarschaft&#8220; &nbsp; Sonniges Kastanienfest Mitmachen beim Demokratiespiel &#8222;Gute Nachbarschaft&#8220; Seelzer Dialog Radspaziergang: 9 von 12 Seelzer Stadtteilen erkundet Trotz Regen gelungener Theaterausflug Radspaziergang am 28.7.24 Niedersachsenweites Bewohnerinitiativentreffen in Hameln Theaterausflug Erfolgreiche &hellip; <\/p>\n<p class=\"link-more\"><a href=\"https:\/\/letter-fit.de\/letterfit\/index.php\/2024-2\/\" class=\"more-link\"><span class=\"screen-reader-text\">\u201e2024\u201c <\/span>weiterlesen<\/a><\/p>\n","protected":false},"author":1,"featured_media":0,"parent":0,"menu_order":0,"comment_status":"closed","ping_status":"closed","template":"","meta":{"footnotes":""},"class_list":["post-3199","page","type-page","status-publish","hentry"],"post_mailing_queue_ids":[],"_links":{"self":[{"href":"https:\/\/letter-fit.de\/letterfit\/index.php\/wp-json\/wp\/v2\/pages\/3199","targetHints":{"allow":["GET"]}}],"collection":[{"href":"https:\/\/letter-fit.de\/letterfit\/index.php\/wp-json\/wp\/v2\/pages"}],"about":[{"href":"https:\/\/letter-fit.de\/letterfit\/index.php\/wp-json\/wp\/v2\/types\/page"}],"author":[{"embeddable":true,"href":"https:\/\/letter-fit.de\/letterfit\/index.php\/wp-json\/wp\/v2\/users\/1"}],"replies":[{"embeddable":true,"href":"https:\/\/letter-fit.de\/letterfit\/index.php\/wp-json\/wp\/v2\/comments?post=3199"}],"version-history":[{"count":21,"href":"https:\/\/letter-fit.de\/letterfit\/index.php\/wp-json\/wp\/v2\/pages\/3199\/revisions"}],"predecessor-version":[{"id":3331,"href":"https:\/\/letter-fit.de\/letterfit\/index.php\/wp-json\/wp\/v2\/pages\/3199\/revisions\/3331"}],"wp:attachment":[{"href":"https:\/\/letter-fit.de\/letterfit\/index.php\/wp-json\/wp\/v2\/media?parent=3199"}],"curies":[{"name":"wp","href":"https:\/\/api.w.org\/{rel}","templated":true}]}}