{"id":1115,"date":"2017-09-17T19:43:27","date_gmt":"2017-09-17T17:43:27","guid":{"rendered":"http:\/\/grafmoehring.de\/letter-fit\/?page_id=1115"},"modified":"2021-03-16T13:39:26","modified_gmt":"2021-03-16T12:39:26","slug":"dokumentation-bis-2008","status":"publish","type":"page","link":"https:\/\/letter-fit.de\/letterfit\/index.php\/dokumentation-bis-2008\/","title":{"rendered":"Dokumentation bis 2008"},"content":{"rendered":"<p class=\"bodytext\">Die Arbeit des Vereins in den Jahren 2005-2008 ist im folgenden organisiert in einzelne Projekte dargestellt.<\/p>\n<p class=\"bodytext\">Leider k\u00f6nnen diese Aktivit\u00e4ten der Zeit wegen Raummangel nicht mehr durchgef\u00fchrt werden.<\/p>\n<p>&nbsp;<\/p>\n<table border=\"0\" width=\"100%\" cellspacing=\"0\" cellpadding=\"0\">\n<tbody>\n<tr>\n<td class=\"bodytext\">\n<div class=\"csc-textpic csc-textpic-intext-right-nowrap\">\n<div>\n<div class=\"csc-textpic-text\">\n<div class=\"csc-textpicHeader csc-textpicHeader-25\">\n<h1 class=\"csc-firstHeader\">Bilderbuchkino<\/h1>\n<\/div>\n<dl class=\"csc-textpic-image csc-textpic-firstcol csc-textpic-lastcol\">\n<dt><img loading=\"lazy\" decoding=\"async\" class=\"alignleft\" src=\"http:\/\/letter-fit.de\/typo3temp\/pics\/569e263cc5.jpg\" alt=\"\" width=\"150\" height=\"113\" border=\"0\"><\/dt>\n<\/dl>\n<p class=\"bodytext\">Das Bilderbuchkino ist geeignet f\u00fcr Kinder ab ca. 3-4 Jahre und findet an jedem 2. Montag im Monat im Letter-Treff statt. Dauer ca. 20-30 Minuten.<\/p>\n<p class=\"bodytext\">Es werden die Bilder des Bilderbuches mit dem Diaprojektor gro\u00df an der Wand gezeigt und die Ges<img loading=\"lazy\" decoding=\"async\" class=\"alignright\" src=\"http:\/\/letter-fit.de\/typo3temp\/pics\/7b1d28eb27.jpg\" alt=\"\" width=\"150\" height=\"200\" border=\"0\">chichte spannend vorgelesen.<\/p>\n<p class=\"bodytext\">Diaprojektor, Dias und Buch k\u00f6nnen wir uns kostenlos in der Stadtb\u00fccherei Seelze ausleihen.<\/p>\n<\/div>\n<\/div>\n<\/div>\n<div class=\"csc-textpic-clear\"><\/div>\n<\/td>\n<td width=\"38\"><img loading=\"lazy\" decoding=\"async\" src=\"http:\/\/letter-fit.de\/fileadmin\/templates\/images\/blind.gif\" width=\"38\" height=\"1\"><\/td>\n<\/tr>\n<\/tbody>\n<\/table>\n<div class=\"csc-textpicHeader csc-textpicHeader-25\">\n<h1 class=\"csc-firstHeader\">Literaturkreis<\/h1>\n<\/div>\n<p class=\"bodytext\">Es haben sich einige Leute zusammen gefunden, die an deutscher und ausl\u00e4ndischer Literatur, wie auch selbst geschriebenen interessiert sind und dies Interesse mit anderen teilen wollen. Die Treffen stehen jeweils unter einem Thema, das die Gruppe festlegt.<\/p>\n<p class=\"bodytext\">Alle, die auch Literatur lieben, sind herzlich zu den Treffen eingeladen. Es werden Gedichte und Geschichten aus der Literatur von gestern und heute vorgetragen. Wer m\u00f6chte, kann eigene Literatur mitbringen. Dazu gibt es Kaffee und Tee.<\/p>\n<p>&nbsp;<\/p>\n<table border=\"0\" width=\"100%\" cellspacing=\"0\" cellpadding=\"0\">\n<tbody>\n<tr>\n<td class=\"bodytext\">\n<div class=\"csc-textpic csc-textpic-intext-right-nowrap\">\n<div>\n<div class=\"csc-textpic-text\">\n<div class=\"csc-textpicHeader csc-textpicHeader-25\">\n<h1 class=\"csc-firstHeader\">Mobile Kinderbuchausleihe<\/h1>\n<\/div>\n<p><img loading=\"lazy\" decoding=\"async\" class=\"alignleft\" src=\"http:\/\/letter-fit.de\/typo3temp\/pics\/11046572f9.jpg\" alt=\"\" width=\"150\" height=\"113\" border=\"0\"><\/p>\n<p class=\"bodytext\">Als Erg\u00e4nzung zum Vorlesezelt gibt es ab Sommer 2007 eine mobile Kinderbuchausleihe am Spielplatz Gerhart-Hauptmann-Stra\u00dfe. Damit soll die Lesefreude und Lesekompetenz der Kinder gef\u00f6rdert werden. Kinder aus bildungsferneren Schichten sollen an B\u00fccher herangef\u00fchrt werden.<img loading=\"lazy\" decoding=\"async\" class=\"alignright\" src=\"http:\/\/letter-fit.de\/typo3temp\/pics\/324e8249b4.jpg\" alt=\"\" width=\"150\" height=\"113\" border=\"0\"><\/p>\n<p class=\"bodytext\">Die Kinder- und Jugendb\u00fccher, zur Zeit ca. 220,&nbsp;stammen aus Buchspenden,&nbsp;\u00fcberwiegend von Letteranern. Die mobile Kinderbuchausleihe wird i.d.R. mit dem Vorlesezelt kombiniert, so da\u00df die Kinder gleich in den ausgew\u00e4hlten B\u00fcchern schm\u00f6kern k\u00f6nnen.<\/p>\n<p class=\"bodytext\">2<img loading=\"lazy\" decoding=\"async\" class=\"alignleft\" src=\"http:\/\/letter-fit.de\/typo3temp\/pics\/3beb686f12.jpg\" alt=\"\" width=\"150\" height=\"113\" border=\"0\">007 wird das Vorlesezelt vom Nieders\u00e4chsischen Landesamt f\u00fcr Soziales, Jugend und Familie&nbsp;gef\u00f6rdert.<\/p>\n<p class=\"bodytext\">Der Verein sucht noch einen Lagerraum in Spielplatzn\u00e4he, um das Material dort lagern zu k\u00f6nnen. Aktuelle Kinder- und Jugendb\u00fccher werden ebenfalls noch gerne angenommen.<\/p>\n<\/div>\n<\/div>\n<\/div>\n<div class=\"csc-textpic-clear\"><\/div>\n<div>\n<table border=\"0\" width=\"100%\" cellspacing=\"0\" cellpadding=\"0\">\n<tbody>\n<tr>\n<td class=\"bodytext\">\n<div class=\"csc-textpic csc-textpic-intext-right-nowrap\">\n<div>\n<div class=\"csc-textpic-text\">\n<div class=\"csc-textpicHeader csc-textpicHeader-25\">\n<h1 class=\"csc-firstHeader\">Offenes Kaffeetrinken<\/h1>\n<\/div>\n<dl class=\"csc-textpic-image csc-textpic-firstcol csc-textpic-lastcol\">\n<dt><\/dt>\n<dt><img loading=\"lazy\" decoding=\"async\" class=\"alignleft\" src=\"http:\/\/letter-fit.de\/typo3temp\/pics\/bfa1a3f004.jpg\" alt=\"\" width=\"150\" height=\"113\" border=\"0\"><\/dt>\n<\/dl>\n<p class=\"bodytext\">Das Offene Kaffetrinken&nbsp;findet seit Fr\u00fchjahr 2005 jeden Mittwochnachmittag ab 16 Uhr im Letter-Treff, Kirchstr. 3 statt.<img loading=\"lazy\" decoding=\"async\" class=\"alignright\" src=\"http:\/\/letter-fit.de\/typo3temp\/pics\/1b6b2bfc19.jpg\" alt=\"\" width=\"150\" height=\"113\" border=\"0\"><\/p>\n<p class=\"bodytext\">Es soll ein niederschwelliges Begegnungsangebot sein. Menschen, die neu in der Stadt sind, die einsam sind, die Kontakt suchen, die etwas f\u00fcr ihren Ort tun wollen \u2013 jeder ist herzlich willkommen. Dar\u00fcber hinaus gibt es auch aktuelle Informationen zum SozialeStadt Projekt \u201eLetter \u2013 fit f\u00fcr die Zukunft\u201c.<\/p>\n<p class=\"bodytext\"><img loading=\"lazy\" decoding=\"async\" class=\"alignleft\" src=\"http:\/\/letter-fit.de\/typo3temp\/pics\/fac2b2f50c.jpg\" alt=\"\" width=\"150\" height=\"113\" border=\"0\">2005 entwickelte sich das Offene Kaffetrinken in enger Zusammenarbeit mit den Mitarbeiterinnen der Stadt Seelze und dem Sanierungstr\u00e4ger baubecon&nbsp;zu einer Ideenschmiede f\u00fcr neue Projekte und Kooperationen. Zus\u00e4tzlich gab es immer wieder Veranstaltungen mit besonderen Themen: Basteln, Vorlesen, Feiern, aber auch inhaltliche Themen wie Lange-Feld-Stra\u00dfe, Planungen&nbsp;f\u00fcr das Ortszentrum u.v.m.<\/p>\n<p class=\"bodytext\">Nach den Sommerferien sind wieder thematische Nachmittage geplant, u.a. zum Thema \u201ePartnerbesuchsdienst\u201c, \u201eGro\u00dfelterndienst\u201c, aber auch einmal im Quartal f\u00fcr neu zugezogene Letteraner und alte Hasen.<\/p>\n<p class=\"bodytext\">2005 wurde das&nbsp;offene Kaffetrinken&nbsp;vom Nieders\u00e4chsischen Landesamt f\u00fcr Soziales, Jugend und Familie&nbsp;gef\u00f6rdert.<\/p>\n<\/div>\n<\/div>\n<\/div>\n<div class=\"csc-textpic-clear\"><\/div>\n<div>\n<table border=\"0\" width=\"463\" cellspacing=\"0\" cellpadding=\"0\">\n<tbody>\n<tr>\n<td width=\"38\"><\/td>\n<td class=\"bodytext\">\n<div class=\"csc-textpic csc-textpic-intext-right-nowrap\">\n<div>\n<div class=\"csc-textpicHeader csc-textpicHeader-25\">\n<h1 class=\"csc-firstHeader\">Spielen<\/h1>\n<dl class=\"csc-textpic-image csc-textpic-firstcol csc-textpic-lastcol\">\n<dt><img loading=\"lazy\" decoding=\"async\" class=\"alignright\" src=\"http:\/\/letter-fit.de\/typo3temp\/pics\/5e01538d12.jpg\" alt=\"\" width=\"150\" height=\"113\" border=\"0\"><\/dt>\n<\/dl>\n<\/div>\n<p class=\"bodytext\">einmal pro Monat wird gespielt: es gibt 2 getrennte Veranstaltungen f\u00fcr Kinder (ab 8 Jahre) und Erwachsene.<\/p>\n<p class=\"bodytext\"><img loading=\"lazy\" decoding=\"async\" class=\"alignleft\" src=\"http:\/\/letter-fit.de\/typo3temp\/pics\/276e988a76.jpg\" alt=\"\" width=\"150\" height=\"100\" border=\"0\">Es k\u00f6nnen eigene Spiele mitgebracht werden, aber es stehen auch interessante aktelle Spiele zur Auswahl.<\/p>\n<dl class=\"csc-textpic-image csc-textpic-firstcol csc-textpic-lastcol\">\n<dt><img loading=\"lazy\" decoding=\"async\" class=\"alignright\" src=\"http:\/\/letter-fit.de\/typo3temp\/pics\/d2b51fd934.jpg\" alt=\"\" width=\"150\" height=\"113\" border=\"0\"><\/dt>\n<\/dl>\n<p class=\"bodytext\">Die Veranstaltungen sind gut besucht, so da\u00df h\u00e4ufig auch mehrere Spiele parallel gespielt werden k\u00f6nnen.<\/p>\n<p class=\"bodytext\">Die Brettspiele f\u00fcr Erwachsene finden in Kooperation mit den Letteraner Spielm\u00e4usen statt.<\/p>\n<\/div>\n<\/div>\n<div class=\"csc-textpic-clear\">\n<table border=\"0\" width=\"100%\" cellspacing=\"0\" cellpadding=\"0\">\n<tbody>\n<tr>\n<td class=\"bodytext\">\n<div class=\"csc-textpic csc-textpic-intext-right-nowrap\">\n<div>\n<div class=\"csc-textpic-text\">\n<div class=\"csc-textpicHeader csc-textpicHeader-25\">\n<h1 class=\"csc-firstHeader\">Vertrauensb\u00fccherei<\/h1>\n<\/div>\n<p><img loading=\"lazy\" decoding=\"async\" class=\"alignleft\" src=\"http:\/\/letter-fit.de\/typo3temp\/pics\/94b25c22d7.jpg\" alt=\"\" width=\"150\" height=\"200\" border=\"0\"><\/p>\n<p class=\"bodytext\">2005 richtete der Verein im Letter-Treff im Ortszentrum, Kirchstr. 3, eine Vertrauensb\u00fccherei ein, um den Letteranern wieder eine B\u00fccherei zu geben. Die st\u00e4dtische B\u00fccherei war einige Jahre vorher wegen einer Kostenersparnis von 10.000 \u20ac\/Jahr ges<img loading=\"lazy\" decoding=\"async\" class=\"alignleft\" src=\"http:\/\/letter-fit.de\/typo3temp\/pics\/5d4215588b.jpg\" alt=\"\" width=\"150\" height=\"200\" border=\"0\">chlossen worden. Au\u00dferdem ist die B\u00fccherei ein wichtiger Baustein der Integration und des Sprachwerwerbs. Die B\u00fccherei wird gut angenommen und hat auch einige Stammleser.<\/p>\n<p class=\"bodytext\">Die B\u00fccher sind Spenden \u00fcberwiegend von Letteranern. In aphabetischer Sortierung, mit Ausnahme einiger Sachb\u00fccher und Bildb\u00e4nde, befinden sich die B\u00fccher im Eingangsbereich und im gro\u00dfen Raum.<img loading=\"lazy\" decoding=\"async\" class=\"alignright\" src=\"http:\/\/letter-fit.de\/typo3temp\/pics\/93b64b38b6.jpg\" alt=\"\" width=\"150\" height=\"113\" border=\"0\"><\/p>\n<p class=\"bodytext\">Die B\u00fccher sind nicht registriert, lediglich mit dem Vereinsstempel gekennzeichnet. Sie werden im Vertrauen darauf, da\u00df sie zur\u00fcckgebracht werden, entliehen. Es wird lediglich gebeten, sich in ein Entleihbuch einzutragen, so da\u00df dokumentiert werden kann, wie stark die B\u00fccherei genutzt wird.<\/p>\n<p class=\"bodytext\">Ausgeliehen werden k\u00f6nnen die B\u00fccher Mittwochnachmittags sowie zu den&nbsp;Veranstaltungen im&nbsp;Treff sofern die Veranstaltungen dadurch nicht gest\u00f6rt werden.<\/p>\n<p class=\"bodytext\">2005 wurde die Vertrauensb\u00fccherei vom Nieders\u00e4chsischen Landesamt f\u00fcr Soziales, Jugend und Familie&nbsp;gef\u00f6rdert.<\/p>\n<\/div>\n<\/div>\n<\/div>\n<div><\/div>\n<div class=\"csc-textpic-clear\">\n<table border=\"0\" width=\"100%\" cellspacing=\"0\" cellpadding=\"0\">\n<tbody>\n<tr>\n<td class=\"bodytext\">\n<div class=\"csc-textpic csc-textpic-intext-right-nowrap\">\n<div>\n<div class=\"csc-textpic-text\">\n<div class=\"csc-textpicHeader csc-textpicHeader-25\">\n<h1 class=\"csc-firstHeader\">Vorlesezelt<\/h1>\n<dl class=\"csc-textpic-image csc-textpic-firstcol csc-textpic-lastcol\">\n<dt><\/dt>\n<dt><img loading=\"lazy\" decoding=\"async\" class=\"alignleft\" src=\"http:\/\/letter-fit.de\/typo3temp\/pics\/7d53098111.jpg\" alt=\"\" width=\"150\" height=\"113\" border=\"0\"><\/dt>\n<\/dl>\n<\/div>\n<p class=\"bodytext\">Das Gebiet Gerhart-Hauptman-Stra\u00dfe liegt ca. 2 km vom Ortszentrum entfernt und gilt als sozialer Brennpunkt. Um Kinder ans Lesen heranzuf\u00fchren und ihre Lesekompetenz zu f\u00f6rdern, ist der Verein seit Sommer 2006 in unregelm\u00e4\u00dfig<img loading=\"lazy\" decoding=\"async\" class=\"alignleft\" src=\"http:\/\/letter-fit.de\/typo3temp\/pics\/97a6fa5988.jpg\" alt=\"\" width=\"150\" height=\"113\" border=\"0\">en Abst\u00e4nden mit dem Vorlesezelt auf dem Spielplatz Gerhart-Hauptmann-Stra\u00dfe. Angek\u00fcndigt werden die Veranstaltungen durch Aush\u00e4nge im Schaukasten am Spielplatz und <img loading=\"lazy\" decoding=\"async\" class=\"alignright\" src=\"http:\/\/letter-fit.de\/typo3temp\/pics\/c8032c2c80.jpg\" alt=\"\" width=\"150\" height=\"200\" border=\"0\">verschiedenen Stellen im Ortszentrum sowie durch Ank\u00fcndigungen in der \u00f6rtlichen Presse.<\/p>\n<p class=\"bodytext\">Das Vorlesezelt l\u00e4dt die Kinder, aber auch Eltern, Geschwister, Gro\u00dfeltern,&nbsp;ein, in gem\u00fctlicher Atmosph\u00e4re selbst ausgew\u00e4hlte Geschichten vorzulesen oder einer Vorleserin zu lauschen.<\/p>\n<p class=\"bodytext\">2006 wurde das Vorlesezelt vom Nieders\u00e4chsischen Landesamt f\u00fcr Soziales, Jugend und Familie&nbsp;gef\u00f6rdert.<\/p>\n<\/div>\n<\/div>\n<\/div>\n<\/td>\n<\/tr>\n<\/tbody>\n<\/table>\n<\/div>\n<\/td>\n<\/tr>\n<\/tbody>\n<\/table>\n<\/div>\n<\/td>\n<\/tr>\n<\/tbody>\n<\/table>\n<\/div>\n<\/td>\n<\/tr>\n<\/tbody>\n<\/table>\n<\/div>\n<\/td>\n<\/tr>\n<\/tbody>\n<\/table>\n","protected":false},"excerpt":{"rendered":"<p>Die Arbeit des Vereins in den Jahren 2005-2008 ist im folgenden organisiert in einzelne Projekte dargestellt. Leider k\u00f6nnen diese Aktivit\u00e4ten der Zeit wegen Raummangel nicht mehr durchgef\u00fchrt werden. &nbsp; Bilderbuchkino Das Bilderbuchkino ist geeignet f\u00fcr Kinder ab ca. 3-4 Jahre und findet an jedem 2. Montag im Monat im Letter-Treff statt. Dauer ca. 20-30 Minuten. &hellip; <\/p>\n<p class=\"link-more\"><a href=\"https:\/\/letter-fit.de\/letterfit\/index.php\/dokumentation-bis-2008\/\" class=\"more-link\"><span class=\"screen-reader-text\">\u201eDokumentation bis 2008\u201c <\/span>weiterlesen<\/a><\/p>\n","protected":false},"author":1,"featured_media":0,"parent":0,"menu_order":0,"comment_status":"closed","ping_status":"closed","template":"","meta":{"footnotes":""},"class_list":["post-1115","page","type-page","status-publish","hentry"],"post_mailing_queue_ids":[],"_links":{"self":[{"href":"https:\/\/letter-fit.de\/letterfit\/index.php\/wp-json\/wp\/v2\/pages\/1115","targetHints":{"allow":["GET"]}}],"collection":[{"href":"https:\/\/letter-fit.de\/letterfit\/index.php\/wp-json\/wp\/v2\/pages"}],"about":[{"href":"https:\/\/letter-fit.de\/letterfit\/index.php\/wp-json\/wp\/v2\/types\/page"}],"author":[{"embeddable":true,"href":"https:\/\/letter-fit.de\/letterfit\/index.php\/wp-json\/wp\/v2\/users\/1"}],"replies":[{"embeddable":true,"href":"https:\/\/letter-fit.de\/letterfit\/index.php\/wp-json\/wp\/v2\/comments?post=1115"}],"version-history":[{"count":2,"href":"https:\/\/letter-fit.de\/letterfit\/index.php\/wp-json\/wp\/v2\/pages\/1115\/revisions"}],"predecessor-version":[{"id":2551,"href":"https:\/\/letter-fit.de\/letterfit\/index.php\/wp-json\/wp\/v2\/pages\/1115\/revisions\/2551"}],"wp:attachment":[{"href":"https:\/\/letter-fit.de\/letterfit\/index.php\/wp-json\/wp\/v2\/media?parent=1115"}],"curies":[{"name":"wp","href":"https:\/\/api.w.org\/{rel}","templated":true}]}}