{"id":1007,"date":"2017-09-16T00:28:17","date_gmt":"2017-09-15T22:28:17","guid":{"rendered":"http:\/\/grafmoehring.de\/letter-fit\/?page_id=1007"},"modified":"2025-03-30T16:23:20","modified_gmt":"2025-03-30T14:23:20","slug":"sponsoren","status":"publish","type":"page","link":"https:\/\/letter-fit.de\/letterfit\/index.php\/sponsoren\/","title":{"rendered":"Sponsoren"},"content":{"rendered":"<h2><strong>Wir danken folgenden Spendern, die die Neuauflage der Brosch\u00fcre &#8222;Was ist los in Letter?&#8220; m\u00f6glich gemacht haben:<\/strong><\/h2>\n<p><img loading=\"lazy\" decoding=\"async\" class=\"size-medium wp-image-3369 alignleft\" src=\"https:\/\/letter-fit.de\/letterfit\/wp-content\/uploads\/2025\/03\/Logo_Ebertstr_Arial-300x216.jpg\" alt=\"\" width=\"300\" height=\"216\" srcset=\"https:\/\/letter-fit.de\/letterfit\/wp-content\/uploads\/2025\/03\/Logo_Ebertstr_Arial-300x216.jpg 300w, https:\/\/letter-fit.de\/letterfit\/wp-content\/uploads\/2025\/03\/Logo_Ebertstr_Arial-768x554.jpg 768w, https:\/\/letter-fit.de\/letterfit\/wp-content\/uploads\/2025\/03\/Logo_Ebertstr_Arial.jpg 936w\" sizes=\"auto, (max-width: 300px) 100vw, 300px\" \/><\/p>\n<p>&nbsp;<\/p>\n<p>&nbsp;<\/p>\n<p>&nbsp;<\/p>\n<p>&nbsp;<\/p>\n<p>&nbsp;<\/p>\n<p><img loading=\"lazy\" decoding=\"async\" class=\"size-medium wp-image-3368 alignnone\" src=\"https:\/\/letter-fit.de\/letterfit\/wp-content\/uploads\/2025\/03\/Logo-Jende-300x203.jpg\" alt=\"\" width=\"300\" height=\"203\" srcset=\"https:\/\/letter-fit.de\/letterfit\/wp-content\/uploads\/2025\/03\/Logo-Jende-300x203.jpg 300w, https:\/\/letter-fit.de\/letterfit\/wp-content\/uploads\/2025\/03\/Logo-Jende-768x521.jpg 768w, https:\/\/letter-fit.de\/letterfit\/wp-content\/uploads\/2025\/03\/Logo-Jende.jpg 988w\" sizes=\"auto, (max-width: 300px) 100vw, 300px\" \/><\/p>\n<p><img loading=\"lazy\" decoding=\"async\" class=\"size-medium wp-image-3367 alignleft\" src=\"https:\/\/letter-fit.de\/letterfit\/wp-content\/uploads\/2025\/03\/Behrens-Bestattungen_Logo_rechte_Seite-300x99.jpg\" alt=\"\" width=\"300\" height=\"99\" srcset=\"https:\/\/letter-fit.de\/letterfit\/wp-content\/uploads\/2025\/03\/Behrens-Bestattungen_Logo_rechte_Seite-300x99.jpg 300w, https:\/\/letter-fit.de\/letterfit\/wp-content\/uploads\/2025\/03\/Behrens-Bestattungen_Logo_rechte_Seite.jpg 332w\" sizes=\"auto, (max-width: 300px) 100vw, 300px\" \/><\/p>\n<p>&nbsp;<\/p>\n<p>&nbsp;<\/p>\n<p>&nbsp;<\/p>\n<p>DAS FRISEURTEAM M. HARTWICH-KUNDRUS &amp; S.<br \/>\nNAUMANN GBR<br \/>\nKastanienplatz 6a<\/p>\n<p>NEUE APOTHEKE LETTER<\/p>\n<p>&nbsp;<\/p>\n<p>&nbsp;<\/p>\n<table border=\"0\" width=\"100%\" cellspacing=\"0\" cellpadding=\"0\">\n<tbody>\n<tr>\n<td class=\"bodytext\">\n<div class=\"csc-header csc-header-n1\">\n<h1>Wir danken f\u00fcr ehrenamtliches Engagement<\/h1>\n<p><strong>Den Sch\u00fclern Alexander Hemken, Pascal Bothe, Thomas Block und Pascal Neumann vom Georg-B\u00fcchner-Gymnasium Letter, Informatik Wahlunterricht, f\u00fcr die Erstellung der aktuellen Internetseite 2017.<\/strong><\/p>\n<\/div>\n<div class=\"csc-textpic csc-textpic-center csc-textpic-below\">\n<div class=\"csc-textpic-text\">\n<p>&nbsp;<\/p>\n<\/div>\n<\/div>\n<\/td>\n<td width=\"38\"><img loading=\"lazy\" decoding=\"async\" src=\"http:\/\/letter-fit.de\/fileadmin\/templates\/images\/blind.gif\" width=\"38\" height=\"1\" \/><\/td>\n<\/tr>\n<tr>\n<td><\/td>\n<td class=\"bodytext\" align=\"right\"><\/td>\n<\/tr>\n<\/tbody>\n<\/table>\n","protected":false},"excerpt":{"rendered":"<p>Wir danken folgenden Spendern, die die Neuauflage der Brosch\u00fcre &#8222;Was ist los in Letter?&#8220; m\u00f6glich gemacht haben: &nbsp; &nbsp; &nbsp; &nbsp; &nbsp; &nbsp; &nbsp; &nbsp; DAS FRISEURTEAM M. HARTWICH-KUNDRUS &amp; S. NAUMANN GBR Kastanienplatz 6a NEUE APOTHEKE LETTER &nbsp; &nbsp; Wir danken f\u00fcr ehrenamtliches Engagement Den Sch\u00fclern Alexander Hemken, Pascal Bothe, Thomas Block und Pascal &hellip; <\/p>\n<p class=\"link-more\"><a href=\"https:\/\/letter-fit.de\/letterfit\/index.php\/sponsoren\/\" class=\"more-link\"><span class=\"screen-reader-text\">\u201eSponsoren\u201c <\/span>weiterlesen<\/a><\/p>\n","protected":false},"author":1,"featured_media":0,"parent":0,"menu_order":0,"comment_status":"closed","ping_status":"closed","template":"","meta":{"footnotes":""},"class_list":["post-1007","page","type-page","status-publish","hentry"],"post_mailing_queue_ids":[],"_links":{"self":[{"href":"https:\/\/letter-fit.de\/letterfit\/index.php\/wp-json\/wp\/v2\/pages\/1007","targetHints":{"allow":["GET"]}}],"collection":[{"href":"https:\/\/letter-fit.de\/letterfit\/index.php\/wp-json\/wp\/v2\/pages"}],"about":[{"href":"https:\/\/letter-fit.de\/letterfit\/index.php\/wp-json\/wp\/v2\/types\/page"}],"author":[{"embeddable":true,"href":"https:\/\/letter-fit.de\/letterfit\/index.php\/wp-json\/wp\/v2\/users\/1"}],"replies":[{"embeddable":true,"href":"https:\/\/letter-fit.de\/letterfit\/index.php\/wp-json\/wp\/v2\/comments?post=1007"}],"version-history":[{"count":17,"href":"https:\/\/letter-fit.de\/letterfit\/index.php\/wp-json\/wp\/v2\/pages\/1007\/revisions"}],"predecessor-version":[{"id":3374,"href":"https:\/\/letter-fit.de\/letterfit\/index.php\/wp-json\/wp\/v2\/pages\/1007\/revisions\/3374"}],"wp:attachment":[{"href":"https:\/\/letter-fit.de\/letterfit\/index.php\/wp-json\/wp\/v2\/media?parent=1007"}],"curies":[{"name":"wp","href":"https:\/\/api.w.org\/{rel}","templated":true}]}}